se 11, what is -55a4 + -5?
-55a9
In base 16, what is -a057 + 4?
-a053
In base 2, what is 11 - -11101011101010?
11101011101101
In base 3, what is -10 - 2220101012?
-2220101022
In base 15, what is -3 + -22b625?
-22b628
In base 14, what is -103 - 177?
-27a
In base 13, what is 1a638a + 1?
1a638b
In base 11, what is a9a - -39?
1028
In base 2, what is 10101 - 1100100000110?
-1100011110001
In base 16, what is -20ef8 + 4?
-20ef4
In base 9, what is 43207 - 4?
43203
In base 11, what is -318429 + 0?
-318429
In base 11, what is 4 - 1238a?
-12386
In base 6, what is 15013 - -1052?
20105
In base 5, what is 11 - -134033?
134044
In base 13, what is 12 + -6c4b?
-6c39
In base 9, what is 26 + 1751?
1777
In base 12, what is -464 - -37?
-429
In base 7, what is 400 - -510?
1210
In base 7, what is -4315 - 165?
-4513
In base 7, what is 50 - -465262?
465342
In base 3, what is -2 + 2101110221?
2101110212
In base 4, what is -23233 - -112332?
23033
In base 9, what is 26625 - 2?
26623
In base 9, what is -1880 + -12?
-2002
In base 11, what is 2018 - -241?
2259
In base 8, what is 221765 + -1?
221764
In base 2, what is -10011000101 - 101?
-10011001010
In base 8, what is -147 + -24247?
-24416
In base 3, what is 1001220020101 + -1?
1001220020100
In base 9, what is 4746 + 40?
4786
In base 6, what is -44130 + -1?
-44131
In base 4, what is 31030033232 - -2?
31030033300
In base 12, what is -698 + 269b?
2003
In base 7, what is -3334311 - -4?
-3334304
In base 15, what is 8 - 48?
-40
In base 7, what is -4 - 1114510?
-1114514
In base 9, what is 50 + -5026?
-4866
In base 5, what is -2 + 22342?
22340
In base 6, what is -124 - -130414?
130250
In base 15, what is 2 - b9193?
-b9191
In base 10, what is -33612 - 2?
-33614
In base 16, what is -112f + 100?
-102f
In base 16, what is 4 + -faa4?
-faa0
In base 7, what is 453 + -512?
-26
In base 9, what is 7062 + 4?
7066
In base 16, what is 2 - -278?
27a
In base 7, what is 0 - 34026?
-34026
In base 7, what is 3 + 3256?
3262
In base 9, what is -61 - 710?
-771
In base 10, what is 222464 - 4?
222460
In base 8, what is 5514 + -12?
5502
In base 8, what is -207641 + 0?
-207641
In base 11, what is -73 - -5513?
5450
In base 13, what is 0 - 132?
-132
In base 16, what is -4 - -2738?
2734
In base 3, what is 1 - -121222002?
121222010
In base 5, what is 21143 + -304?
20334
In base 13, what is 11240 + 44?
11284
In base 8, what is 22 - 305121?
-305077
In base 9, what is 10226 + 51?
10277
In base 16, what is -fa4 + 9?
-f9b
In base 15, what is 3 - -36b45?
36b48
In base 6, what is -231503 - 24?
-231531
In base 2, what is 1011110111111100000 + 1?
1011110111111100001
In base 2, what is 100 - -10011111011?
10011111111
In base 10, what is -25 + 1754?
1729
In base 11, what is 3 - 5354?
-5351
In base 14, what is -8370 + 2?
-836c
In base 12, what is 13bb + -16?
13a5
In base 15, what is 5 - 1012b?
-10126
In base 13, what is -182 - -15c?
-23
In base 4, what is 2 - -21002212?
21002220
In base 4, what is -3101023323 - 2?
-3101023331
In base 8, what is -4 - 143613?
-143617
In base 10, what is -3 + -2025256?
-2025259
In base 11, what is -1764a + 44?
-17606
In base 7, what is -5221 - 5?
-5226
In base 2, what is 10110010010110000 + 101?
10110010010110101
In base 9, what is -2 + -385263?
-385265
In base 9, what is -46741 + -4?
-46745
In base 14, what is -1 - 33487?
-33488
In base 8, what is -122 - 406?
-530
In base 2, what is -10011101001 + -11110011?
-10111011100
In base 2, what is -100100100110111000 + 0?
-100100100110111000
In base 11, what is 135 - -1?
136
In base 3, what is -1 - -11212121?
11212120
In base 6, what is 12355 - -121?
12520
In base 9, what is -5325 + 26?
-5288
In base 14, what is -1 - 398a?
-398b
In base 2, what is -11 - -1001001100110101?
1001001100110010
In base 9, what is -116523 + 5?
-116517
In base 14, what is 5ca + 4?
5d0
In base 3, what is 210102001011 + -10?
210102001001
In base 5, what is 221404201 + 4?
221404210
In base 7, what is -33 - -11032?
10666
In base 12, what is -28392a + 2?
-283928
In base 7, what is -36 + 1441461?
1441422
In base 16, what is 17e + -57b?
-3fd
In base 4, what is 1231 - -123322?
131213
In base 11, what is 1 - 24640?
-2463a
In base 5, what is 1 - -2334313?
2334314
In base 14, what is -a7 + 13c3?
131a
In base 4, what is 21103 - -1331?
23100
In base 13, what is -5 - -5b96?
5b91
In base 3, what is -10 - 202122200?
-202122210
In base 15, what is 30 + -1c?
13
In base 8, what is -17 - -1301?
1262
In base 11, what is -4 + -51988?
-51991
In base 4, what is 230 - 13221?
-12331
In base 16, what is 26a4a0 + 1?
26a4a1
In base 7, what is -5 + 43635?
43630
In base 14, what is 3359 - 1b?
333c
In base 3, what is 202 - -1122222?
1200201
In base 10, what is -4533 + 1?
-4532
In base 16, what is 3 - ff7a4?
-ff7a1
In base 15, what is 4 + -15d58?
-15d54
In base 6, what is 12 - 112125?
-112113
In base 5, what is 14330210 + 40?
14330300
In base 10, what is 168 + -2612?
-2444
In base 13, what is 13 + 2622?
2635
In base 9, what is 230056 + -7?
230048
In base 2, what is -100101 - -11101010011?
11100101110
In base 14, what is -5db92 + 3?
-5db8d
In base 11, what is -6 + -39aa?
-3a05
In base 6, what is 1 + -24014142?
-24014141
In base 12, what is -3 + 6b557?
6b554
In base 4, what is -2 + -101210101?
-101210103
In base 5, what is -4 - -31121121?
31121112
In base 9, what is -1515136 + 5?
-1515131
In base 11, what is 3 - -80978?
80980
In base 14, what is -26d6 + -60?
-2756
In base 4, what is 122302 + 332?
123300
In base 13, what is 9 + -36a?
-361
In base 5, what is 3211 - -42?
3303
In base 9, what is -435021 + -3?
-435024
In base 14, what is -7056 - a?
-7062
In base 11, what is 10261 - -1?
10262
In base 14, what is 1 + 232339?
23233a
In base 7, what is 162031 - -5?
162036
In base 10, what is -16187 - -1?
-16186
In base 5, what is 3222310 + -12?
3222243
In base 10, what is 7247 - 0?
7247
In base 13, what is -22 + 3092?
3070
In base 14, what is 5 + -110b?
-1106
In base 15, what is 8 + 99d50?
99d58
In base 14, what is cc633 + -1?
cc632
In base 4, what is -112313 - 130?
-113103
In base 11, what is 18a58 + 16?
18a73
In base 11, what is -2 - 246246?
-246248
In base 16, what is -dd20 - -5?
-dd1b
In base 13, what is -2 - c384?
-c386
In base 4, what is 3231 + -31222?
-21331
In base 13, what is -199a + 6b?
-192c
In base 3, what is -1221201 + 1112?
-1220012
In base 9, what is -5 + 464202?
464186
In base 2, what is -11000010101111000 + -11?
-11000010101111011
In base 14, what is 39 + d6a?
da5
In base 2, what is -110101000011101000111000 - -101?
-110101000011101000110011
In base 10, what is -14495 - -3?
-14492
In base 14, what is -874b - 1?
-874c
In base 15, what is 2d + -100?
-c2
In base 4, what is -103330011 + -2?
-103330013
In base 2, what is 1010000100 - -11011?
1010011111
In base 15, what is 121b3 + 5?
121b8
In base 13, what is 7 - 200c3?
-200b9
In base 12, what is 15820 + -11?
1580b
In base 12, what is -157 - -36?
-121
In base 8, what is 6357565 + 3?
6357570
In base 13, what is 61b - 4cc?
11c
In base 5, what is 13331 + 1321?
20202
In base 10, what is 47899 + 4?
47903
In base 5, what is -2232220 - 1?
-2232221
In base 14, what is 957c5 + 2?
957c7
In base 16, what is -27 + 2fc?
2d5
In base 10, what is -97 - 100?
-197
In base 12, what is 235681 + -5?
235678
In base 4, what is -223323 + -31?
-230020
In base 10, what is 19232 + 15?
19247
In base 3, what is 120110 - -1?
120111
In base 6, what is -3 + 25231?
25224
In base 5, what is 10 - -2133201?
2133211
In base 3, what is 2 - -10010122021?
10010122100
In base 14, what is -2 + -98979?
-9897b
In base 14, what is -7 + 272d0?
272c7
In base 2, what is -10 + 1011101111110100101?
1011101111110100011
In base 2, what is 11100011011101111101 - 11?
11100011011101111010
In base 12, what is 4699a + -2?
46998
In base 16, what is 5 + 4075?
407a
In base 15, what is -30e + -4?
-313
In base 11, what is -159170 + -3?
-159173
In base 14, what is 2d07 - -8?
2d11
In base 12, what is 2b - 1350?
-1321
In base 13, what is -350aaa + 3?
-350aa7
In base 14, what is -52d7 + 0?
-52d7
In base 12, what is -14 + -77510?
-77524
In base 7, what is -41363 - 46?
-41442
In base 8, what is 530062 + 5?
530067
In base 6, what is 150255 - -41?
150340
In base 8, what is 137 + -11452?
-11313
In base 4, what is 3023333302 - -2?
3023333310
In base 9, what is -37245 + 